{"id":1614,"date":"2022-01-30T11:56:50","date_gmt":"2022-01-30T10:56:50","guid":{"rendered":"https:\/\/www.cacabelos.org\/turismo\/?page_id=1614"},"modified":"2022-02-09T14:49:42","modified_gmt":"2022-02-09T13:49:42","slug":"la-edrada","status":"publish","type":"page","link":"https:\/\/cacabelos.org\/turismo\/la-edrada\/","title":{"rendered":"La Edrada"},"content":{"rendered":"<p>[et_pb_section fb_built=&#8221;1&#8243; _builder_version=&#8221;4.9.4&#8243; _module_preset=&#8221;default&#8221; background_image=&#8221;https:\/\/www.cacabelos.org\/turismo\/wp-content\/uploads\/2022\/02\/la-edrada-1.jpg&#8221; height=&#8221;142px&#8221;][et_pb_row _builder_version=&#8221;4.9.4&#8243; _module_preset=&#8221;default&#8221;][et_pb_column type=&#8221;4_4&#8243; _builder_version=&#8221;4.9.4&#8243; _module_preset=&#8221;default&#8221;][et_pb_text _builder_version=&#8221;4.9.4&#8243; _module_preset=&#8221;default&#8221;]<\/p>\n<h1 style=\"text-align: center;\"><span style=\"color: #ffffff;\"><strong>Yacimiento Arqueol\u00f3gico de la Edrada<\/strong><\/span><\/h1>\n<p>[\/et_pb_text][\/et_pb_column][\/et_pb_row][\/et_pb_section][et_pb_section fb_built=&#8221;1&#8243; _builder_version=&#8221;4.9.4&#8243; _module_preset=&#8221;default&#8221;][et_pb_row _builder_version=&#8221;4.9.4&#8243; _module_preset=&#8221;default&#8221;][et_pb_column type=&#8221;4_4&#8243; _builder_version=&#8221;4.9.4&#8243; _module_preset=&#8221;default&#8221;][et_pb_text _builder_version=&#8221;4.9.4&#8243; _module_preset=&#8221;default&#8221;]<\/p>\n<h2><strong>Yacimiento Arqueol\u00f3gico de la Edrada.\u00a0 <\/strong><\/h2>\n<p style=\"text-align: justify;\">La importancia de este asentamiento romano identificado como <em>Bergidum Flavium<\/em>, mansi\u00f3n viaria, reside no s\u00f3lo en su extensi\u00f3n, si no precisamente en que es el complemento hist\u00f3rico-arqueol\u00f3gico perfecto de Castro Ventosa, de Cacabelos, y en definitiva de la historia del territorio berciano. <strong>Declarado bien de Inter\u00e9s Cultural en 1994.<\/strong><\/p>\n<p style=\"text-align: justify;\">[\/et_pb_text][\/et_pb_column][\/et_pb_row][et_pb_row column_structure=&#8221;1_3,1_3,1_3&#8243; _builder_version=&#8221;4.9.4&#8243; _module_preset=&#8221;default&#8221;][et_pb_column type=&#8221;1_3&#8243; _builder_version=&#8221;4.9.4&#8243; _module_preset=&#8221;default&#8221;][et_pb_accordion open_toggle_background_color=&#8221;#EDF000&#8243; icon_color=&#8221;#EDF000&#8243; admin_label=&#8221;leer m\u00e1s &#8221; _builder_version=&#8221;4.9.4&#8243; _module_preset=&#8221;default&#8221; text_orientation=&#8221;justified&#8221; width=&#8221;100%&#8221; custom_margin=&#8221;0px||||false|false&#8221; animation_style=&#8221;slide&#8221; hover_enabled=&#8221;0&#8243; box_shadow_style=&#8221;preset1&#8243; sticky_enabled=&#8221;0&#8243;][et_pb_accordion_item title=&#8221;LEER M\u00c1S &#8221; open=&#8221;on&#8221; _builder_version=&#8221;4.9.4&#8243; _module_preset=&#8221;default&#8221; text_orientation=&#8221;center&#8221;][\/et_pb_accordion_item][et_pb_accordion_item title=&#8221;YACIMIENTO DE LA EDRADA&#8221; _builder_version=&#8221;4.9.4&#8243; _module_preset=&#8221;default&#8221; text_orientation=&#8221;center&#8221; hover_enabled=&#8221;0&#8243; open=&#8221;off&#8221; background_color=&#8221;#FFFFFF&#8221; background_enable_color=&#8221;on&#8221; sticky_enabled=&#8221;0&#8243;]<\/p>\n<p style=\"text-align: justify;\">El yacimiento situado al norte de Cacabelos responde a un h\u00e1bitat o poblado de llanura situado entre el r\u00edo C\u00faa y la reguera de Argenti\u00f1e, en el canal natural de comunicaci\u00f3n con el resto de la comarca.<\/p>\n<p style=\"text-align: justify;\">Como ya se ha dicho, este asentamiento romano identificado tambi\u00e9n con Bergidum Flavium del Itinerario de Antonino, plantear\u00e1 la duda de la exacta ubicaci\u00f3n de la mansi\u00f3n viaria, pues desde antiguo es conocido por los numerosos hallazgos de cultura material romana. Actualmente aqu\u00ed se asienta el cementerio municipal, y desde el a\u00f1o 1988 se han realizado intervenciones arqueol\u00f3gicas de urgencia relacionadas con la ampliaci\u00f3n de dicho cementerio, habiendo sido declarado Bien de Inter\u00e9s Cultural en 1994.<\/p>\n<p style=\"text-align: justify;\">La ciudad creada ex novo, es sin duda el enclave m\u00e1s id\u00f3neo para la encrucijada viaria hacia Asturica Augusta, Lucus Augusti y Bracara Augusta , y probablemente aqu\u00ed se desarrollar\u00eda una vida urbana paralela a Castro Ventosa. Bergidum Flavium fue municipio romano y centro administrativo y pol\u00edtico de las explotaciones aur\u00edferas de M\u00e9dulas y del resto de la comarca. En cuanto a su despoblamiento, no existe referencia alguna, y podr\u00eda ponerse en relaci\u00f3n bien con las invasiones b\u00e1rbaras, o bien con las posteriores razzias musulmanas en el siglo X y XI que destruyen Cacabelos, y que en 1108 reconstruye el arzobispo compostelano Diego Gelm\u00edrez entorno al Camino de Santiago, consagrando la iglesia rom\u00e1nica de Santa Mar\u00eda.<\/p>\n<p style=\"text-align: justify;\">Las excavaciones realizadas hasta la actualidad en el yacimiento de La Edrada, exhumaron restos arquitect\u00f3nicos relacionados con la vida dom\u00e9stica principalmente, destacando una importante red de colectores altoimperiales destinados a la evacuaci\u00f3n de aguas residuales tanto dom\u00e9sticas como del edificio termal pr\u00f3ximo. Su construcci\u00f3n es de gran solidez a pesar de su abandono, y refleja la importancia urban\u00edstica otorgada a dicho lugar, que por otro lado ofrece restos de \u00c9poca Bajo Imperial, Visigoda , Pleno y Bajo Medieval cristiana.<\/p>\n<p style=\"text-align: justify;\">La importancia del yacimiento arqueol\u00f3gico de la Edrada reside no s\u00f3lo en su extensi\u00f3n, si no precisamente en que es el complemento hist\u00f3rico-arqueol\u00f3gico perfecto de Castro Ventosa, de Cacabelos, y en definitiva de la Historia del territorio berciano.<\/p>\n<p style=\"text-align: justify;\">Su temprana ocupaci\u00f3n est\u00e1 confirmada por las excavaciones arqueol\u00f3gicas, y el estudio numism\u00e1tico recoge \u00e1ureos de Augusto, grandes bronces de Tiberio, denarios de Trajano, Septimio Severo y folis tardoromanos, que junto al registro de material cer\u00e1mico y lapidario sit\u00faan la ocupaci\u00f3n romana del yacimiento desde mediados del siglo I al V .<\/p>\n<p>[\/et_pb_accordion_item][\/et_pb_accordion][\/et_pb_column][et_pb_column type=&#8221;1_3&#8243; _builder_version=&#8221;4.9.4&#8243; _module_preset=&#8221;default&#8221;][et_pb_gallery gallery_ids=&#8221;1970,1973,1974&#8243; fullwidth=&#8221;on&#8221; _builder_version=&#8221;4.9.4&#8243; _module_preset=&#8221;default&#8221; pagination_text_color=&#8221;#FFFFFF&#8221; height=&#8221;1000px&#8221; max_height=&#8221;1000px&#8221; custom_margin=&#8221;||-165px|-5px|false|false&#8221;][\/et_pb_gallery][\/et_pb_column][et_pb_column type=&#8221;1_3&#8243; _builder_version=&#8221;4.9.4&#8243; _module_preset=&#8221;default&#8221;][et_pb_code admin_label=&#8221;ubicaci\u00f3n&#8221; _builder_version=&#8221;4.9.4&#8243; _module_preset=&#8221;default&#8221; custom_margin=&#8221;||-100px||false|false&#8221; custom_padding=&#8221;||0px||false|false&#8221;]<iframe src=\"https:\/\/www.google.com\/maps\/embed?pb=!1m14!1m8!1m3!1d11746.563109793327!2d-6.7262447!3d42.6053645!3m2!1i1024!2i768!4f13.1!3m3!1m2!1s0x0%3A0xddc2c95e9bcebaf2!2sYacimiento%20Arqueol%C3%B3gico%20de%20la%20Edrada!5e0!3m2!1ses!2ses!4v1644407571205!5m2!1ses!2ses\" width=\"400\" height=\"300\" style=\"border:0;\" allowfullscreen=\"\" loading=\"lazy\"><\/iframe>[\/et_pb_code][\/et_pb_column][\/et_pb_row][\/et_pb_section]<\/p>\n","protected":false},"excerpt":{"rendered":"<p>Yacimiento Arqueol\u00f3gico de la EdradaYacimiento Arqueol\u00f3gico de la Edrada.\u00a0 La importancia de este asentamiento romano identificado como Bergidum Flavium, mansi\u00f3n viaria, reside no s\u00f3lo en su extensi\u00f3n, si no precisamente en que es el complemento hist\u00f3rico-arqueol\u00f3gico perfecto de Castro Ventosa, de Cacabelos, y en definitiva de la historia del territorio berciano. Declarado bien de Inter\u00e9s [&hellip;]<\/p>\n","protected":false},"author":1,"featured_media":0,"parent":0,"menu_order":0,"comment_status":"closed","ping_status":"closed","template":"","meta":{"_et_pb_use_builder":"on","_et_pb_old_content":"","_et_gb_content_width":""},"_links":{"self":[{"href":"https:\/\/cacabelos.org\/turismo\/wp-json\/wp\/v2\/pages\/1614"}],"collection":[{"href":"https:\/\/cacabelos.org\/turismo\/wp-json\/wp\/v2\/pages"}],"about":[{"href":"https:\/\/cacabelos.org\/turismo\/wp-json\/wp\/v2\/types\/page"}],"author":[{"embeddable":true,"href":"https:\/\/cacabelos.org\/turismo\/wp-json\/wp\/v2\/users\/1"}],"replies":[{"embeddable":true,"href":"https:\/\/cacabelos.org\/turismo\/wp-json\/wp\/v2\/comments?post=1614"}],"version-history":[{"count":10,"href":"https:\/\/cacabelos.org\/turismo\/wp-json\/wp\/v2\/pages\/1614\/revisions"}],"predecessor-version":[{"id":2017,"href":"https:\/\/cacabelos.org\/turismo\/wp-json\/wp\/v2\/pages\/1614\/revisions\/2017"}],"wp:attachment":[{"href":"https:\/\/cacabelos.org\/turismo\/wp-json\/wp\/v2\/media?parent=1614"}],"curies":[{"name":"wp","href":"https:\/\/api.w.org\/{rel}","templated":true}]}}