{"id":1733,"date":"2022-02-02T16:10:13","date_gmt":"2022-02-02T15:10:13","guid":{"rendered":"https:\/\/www.cacabelos.org\/turismo\/?page_id=1733"},"modified":"2022-02-24T20:38:28","modified_gmt":"2022-02-24T19:38:28","slug":"batalla-de-cacabelos","status":"publish","type":"page","link":"https:\/\/cacabelos.org\/turismo\/batalla-de-cacabelos\/","title":{"rendered":"Batalla de Cacabelos"},"content":{"rendered":"<p>[et_pb_section fb_built=&#8221;1&#8243; _builder_version=&#8221;4.9.4&#8243; _module_preset=&#8221;default&#8221; background_image=&#8221;https:\/\/www.cacabelos.org\/turismo\/wp-content\/uploads\/2022\/02\/La-Batalla-3.jpg&#8221; height=&#8221;142px&#8221;][et_pb_row _builder_version=&#8221;4.9.4&#8243; _module_preset=&#8221;default&#8221;][et_pb_column type=&#8221;4_4&#8243; _builder_version=&#8221;4.9.4&#8243; _module_preset=&#8221;default&#8221;][et_pb_text _builder_version=&#8221;4.9.4&#8243; _module_preset=&#8221;default&#8221;]<\/p>\n<h1 style=\"text-align: left;\"><span style=\"color: #ffffff;\"><b>La Batalla de Cacabelos<\/b><\/span><\/h1>\n<p>[\/et_pb_text][\/et_pb_column][\/et_pb_row][\/et_pb_section][et_pb_section fb_built=&#8221;1&#8243; _builder_version=&#8221;4.9.4&#8243; _module_preset=&#8221;default&#8221;][et_pb_row column_structure=&#8221;3_4,1_4&#8243; _builder_version=&#8221;4.9.4&#8243; _module_preset=&#8221;default&#8221;][et_pb_column type=&#8221;3_4&#8243; _builder_version=&#8221;4.9.4&#8243; _module_preset=&#8221;default&#8221;][et_pb_text _builder_version=&#8221;4.9.4&#8243; _module_preset=&#8221;default&#8221; inline_fonts=&#8221;Abril Fatface&#8221;]<\/p>\n<h1><strong>La Batalla de Cacabelos<\/strong><\/h1>\n<p style=\"text-align: justify;\">Fiesta de recreaci\u00f3n hist\u00f3rica<\/p>\n<p style=\"text-align: justify;\"><strong>Historia<\/strong><\/p>\n<p style=\"text-align: justify;\">El 3 de Enero de 1809, bati\u00e9ndose en retirada el ej\u00e9rcito ingl\u00e9s, perseguido y acosado por las tropas francesas, tiene\u00a0lugar en el Puente sobre el r\u00edo C\u00faa de Cacabelos una Batalla de enorme importancia para las tropas contendientes. Ni mucho menos en la recreaci\u00f3n de La Batalla de Cacabelos pretendemos hacer apolog\u00eda de nada: el nuestro es un mensaje de reconciliaci\u00f3n entre los Pueblos sucesores de aquellas tropas. En ella participaron unos 6.000 combatientes y perecieron en igual medida 200 soldados por cada bando; lo parad\u00f3jico es que no hubo una victoria clara para ninguno.<\/p>\n<p style=\"text-align: justify;\">Con ello no perseguimos \u00fanicamente la difusi\u00f3n tur\u00edstica de nuestra villa, que en s\u00ed tiene un enorme potencial, sino la rememoraci\u00f3n de un episodio que marc\u00f3 la vida de un Pueblo. Es una suerte poder recuperar su Memoria de una forma no s\u00f3lo incruenta, sino adem\u00e1s festiva. El pasado es insustituible, no renovable, pero sobre todo es uno de los soportes esenciales de nuestro presente, y nosotros queremos que siga vivo. Ya en los d\u00edas 29, 30 de septiembre y 1 de octubre de 2000 realizamos la \u201cI Recreaci\u00f3n Hist\u00f3rica de La Batalla de Cacabelos\u201d.<\/p>\n<p style=\"text-align: justify;\">El resultado que obtuvimos super\u00f3 todas nuestras expectativas, tanto de asistencia de Asociaciones Napole\u00f3nicas como de p\u00fablico, a pesar de haberse realizado como una tentativa para ver el posible inter\u00e9s que pudiese suscitar entre nuestros vecinos. Tras haber pasado unos meses y analizar en fr\u00edo dichos resultados podemos asegurar que ahora mismo estamos totalmente convencidos de potenciar y establecer un ciclo regular para instaurar dicha Recreaci\u00f3n dentro de un calendario europeo.<\/p>\n<p style=\"text-align: justify;\">Como hecho a destacar queremos a\u00f1adir que en Cacabelos, durante las fechas de la Recreaci\u00f3n y aprovechando la estancia en nuestra villa de las m\u00e1s destacadas Asociaciones Napole\u00f3nicas tanto espa\u00f1olas como europeas se cre\u00f3 la Asociaci\u00f3n Napole\u00f3nica Espa\u00f1ola, en la que varios miembros de la Agrupaci\u00f3n de Tiradores del Bierzo forman parte de la junta directiva de dicha Asociaci\u00f3n.<\/p>\n<p style=\"text-align: justify;\">En el programa de actividades para los dos d\u00edas durante los que se va a desarrollar la Recreaci\u00f3n hist\u00f3rica de La Batalla de Cacabelos, invitaremos a personalidades de enorme importancia que har\u00e1n que la imagen de Cacabelos, El Bierzo y de Castilla y Le\u00f3n tenga una prolongaci\u00f3n nacional y europea; y no s\u00f3lo en lo que se refiere a las personalidades, sino tambi\u00e9n en cuanto a los invitados participantes, Asociaciones Napole\u00f3nicas de toda Europa a las que hemos cursado invitaciones para su asistencia (Gran Breta\u00f1a, Rusia, Francia, Espa\u00f1a&#8230;).<\/p>\n<p style=\"text-align: justify;\">El futuro de esta fiesta es incre\u00edble, pero no ser\u00e1 nada si no se la tutela desde su nacimiento, por el bien de todos.<\/p>\n<p style=\"text-align: justify;\"><strong>Sinopsis de los hechos alrededor de los que se articula La Batalla de Cacabelos<\/strong><\/p>\n<p style=\"text-align: justify;\"><strong>Proleg\u00f3menos de la batalla.<\/strong><\/p>\n<p style=\"text-align: justify;\"><strong>A.- Arenga del General Moore en el Campo de San Bartolo.<\/strong><\/p>\n<p style=\"text-align: justify;\">El General ingl\u00e9s Moore entra en Cacabelos, forma a sus tropas, y las arenga ante el vandalismo y la corrupci\u00f3n que les hab\u00eda precedido en la retirada: \u201cEl enemigo (los franceses) ha tomado ya Bembibre y logr\u00f3 un extra\u00f1o bot\u00edn: cientos de ingleses borrachos y cobardes, pues nadie sino los cobardes se emborrachar\u00eda ante las mismas narices del enemigo; y antes de sobrevivir a tan infame conducta, espero que la primera bala de ca\u00f1\u00f3n disparada por el enemigo me pegue en la cabeza\u201d.<\/p>\n<p style=\"text-align: justify;\"><strong>B.- El General ingl\u00e9s Paget juzga a los culpables revoltosos<\/strong><\/p>\n<p style=\"text-align: justify;\">Los soldados ingleses son atados a unos tri\u00e1ngulos donde se les propinan latigazos ejemplificadores ante tan infame conducta; cada 25 latigazos el m\u00e9dico comprueba si se puede continuar sin causar da\u00f1o irreparable para su salud (los golpes son marcados por los tambores).<\/p>\n<p style=\"text-align: justify;\">Concluida la flagelaci\u00f3n se siguen causas contra convictos de delitos graves de saqueo. Tras un juicio breve se prepara su ahorcamiento. En vista de que la resoluci\u00f3n del General Paget es firme, y ante la palabra de honor dada por los soldados de prop\u00f3sito de enmienda, se desatan y bajan a los soldados del \u00e1rbol.<\/p>\n<p style=\"text-align: justify;\">En ese mismo momento se avisa por la caballer\u00eda inglesa de retaguardia que se acercan las tropas francesas.<\/p>\n<p style=\"text-align: justify;\"><strong>C.- Comienza la retirada de las tropas inglesas buscando el Puente.<\/strong><\/p>\n<p style=\"text-align: justify;\">El ej\u00e9rcito ingl\u00e9s desciende por la calle Cimadevilla y baja por toda la calle de Santa Mar\u00eda (Camino de Santiago), cruza el r\u00edo, y se parapeta en la margen derecha en orden de Batalla. S\u00f3lo una peque\u00f1a Compa\u00f1\u00eda se queda del lado de Cacabelos.<\/p>\n<p style=\"text-align: justify;\"><strong>El primer combate.<\/strong><\/p>\n<p style=\"text-align: justify;\">El joven General franc\u00e9s Colbert y el Mariscal Soult al mando de las tropas francesas se aproximan a Cacabelos.<\/p>\n<p style=\"text-align: justify;\">El ataque comienza hacia las tres de la tarde; las primeras v\u00edctimas son los ingleses que se hab\u00edan quedado rezagados en el repliegue hacia el puente que se iban retirando en desbandada.<\/p>\n<p style=\"text-align: justify;\">Aprovechando la confusi\u00f3n, las tropas francesas les cortan el paso hacia el Puente: algunos soldados ingleses se lanzan al agua; otros son hechos prisioneros; el resto logran cruzar el Puente.<\/p>\n<p style=\"text-align: justify;\">La resistencia inglesa es firme, tanto junto al Puente como junto al Molino y a la Iglesia de las Angustias; Colbert (el General franc\u00e9s) decide retroceder para rehacerse y preparar otra carga.<\/p>\n<p style=\"text-align: justify;\">Ese momento es aprovechado por los ingleses para ascender hasta el Puente, apoyados en la artiller\u00eda inglesa apostada en el Castro Ventosa y en Pieros.<\/p>\n<p style=\"text-align: justify;\">Colbert inicia la carga formando en columnas de a cuatro. Los franceses logran tomar el Puente bajo un fuego a quemarropa. El General Colbert muere de un disparo en la frente.<\/p>\n<p style=\"text-align: justify;\">Ante la intensidad del fuego ingl\u00e9s, los franceses abandonan moment\u00e1neamente la lucha para reagruparse e iniciar otra carga. Pero esta segunda carga trae resultados a\u00fan m\u00e1s desastrosos.<\/p>\n<p style=\"text-align: justify;\"><strong>El segundo combate.<\/strong><\/p>\n<p style=\"text-align: justify;\">Son las cinco de la tarde y las tropas francesas comienzan a vadear el r\u00edo C\u00faa, aguas abajo del Puente. Los ingleses ten\u00edan tropas apostadas en la zona de lo que hoy es la playa fluvial: en la playa se inicia un combate a pecho descubierto; la presi\u00f3n francesa hace retroceder a los ingleses.<\/p>\n<p style=\"text-align: justify;\">El General franc\u00e9s Merle, al ver que las tropas inglesas que defend\u00edan el Puente acud\u00edan a la playa a auxiliar a sus compa\u00f1eros, decide tomarlo.<\/p>\n<p style=\"text-align: justify;\">A su vez los ingleses, al darse cuenta de la maniobra de distracci\u00f3n francesa, apuntan con la artiller\u00eda situada en el altozano llamado Castro Ventosa (antiguo asentamiento romano de car\u00e1cter defensivo) y en la poblaci\u00f3n de Pieros en direcci\u00f3n al Puente.<\/p>\n<p style=\"text-align: justify;\">Siendo imposible la toma del Puente por los franceses, \u00e9stos se dispersan; y los que segu\u00edan combatiendo en la playa se retiran a trav\u00e9s del r\u00edo siendo perseguidos por los ingleses.<\/p>\n<p style=\"text-align: justify;\"><strong>La artima\u00f1a<\/strong><\/p>\n<p style=\"text-align: justify;\">La noche se hab\u00eda echado encima; los ingleses encienden visibles fuegos en el Castro, para simular la instalaci\u00f3n de un Campamento, cuando en realidad lo que estaban haciendo era iniciar una cautelosa pero inteligente evacuaci\u00f3n.<\/p>\n<p style=\"text-align: justify;\"><strong>Ep\u00edlogo<\/strong><\/p>\n<p style=\"text-align: justify;\">Ambas fuerzas quedaron castigadas con las mismas bajas (unos doscientos soldados muertos por cada bando contendiente) y sin aniquilarse, aunque los ingleses lograron la ventaja de proteger su retirada con la lucha.<\/p>\n<p style=\"text-align: justify;\">\n<p style=\"text-align: justify;\"><span style=\"font-family: 'Abril Fatface'; font-weight: normal; font-size: x-large;\"><strong>Asociaci\u00f3n de tiradores del Bierzo<\/strong><\/span><\/p>\n<p style=\"text-align: justify;\">\n<p>[\/et_pb_text][\/et_pb_column][et_pb_column type=&#8221;1_4&#8243; _builder_version=&#8221;4.9.4&#8243; _module_preset=&#8221;default&#8221;][et_pb_image src=&#8221;https:\/\/www.cacabelos.org\/turismo\/wp-content\/uploads\/2022\/02\/batalla-1-300&#215;225-1.jpg&#8221; title_text=&#8221;batalla-1-300&#215;225&#8243; _builder_version=&#8221;4.9.4&#8243; _module_preset=&#8221;default&#8221; module_alignment=&#8221;left&#8221; height=&#8221;205px&#8221; custom_margin=&#8221;125px||50px||false|false&#8221;][\/et_pb_image][et_pb_image src=&#8221;https:\/\/www.cacabelos.org\/turismo\/wp-content\/uploads\/2022\/02\/batalla-2.jpg&#8221; title_text=&#8221;batalla-2&#8243; _builder_version=&#8221;4.9.4&#8243; _module_preset=&#8221;default&#8221; custom_margin=&#8221;||50px||false|false&#8221;][\/et_pb_image][et_pb_image src=&#8221;https:\/\/www.cacabelos.org\/turismo\/wp-content\/uploads\/2022\/02\/batalla-3-1.jpg&#8221; title_text=&#8221;batalla-3 (1)&#8221; _builder_version=&#8221;4.9.4&#8243; _module_preset=&#8221;default&#8221; custom_margin=&#8221;||50px||false|false&#8221;][\/et_pb_image][et_pb_image src=&#8221;https:\/\/www.cacabelos.org\/turismo\/wp-content\/uploads\/2022\/02\/batalla-4.jpg&#8221; title_text=&#8221;batalla-4&#8243; _builder_version=&#8221;4.9.4&#8243; _module_preset=&#8221;default&#8221; custom_margin=&#8221;||50px||false|false&#8221;][\/et_pb_image][et_pb_image src=&#8221;https:\/\/www.cacabelos.org\/turismo\/wp-content\/uploads\/2022\/02\/batalla-5.jpg&#8221; title_text=&#8221;batalla-5&#8243; _builder_version=&#8221;4.9.4&#8243; _module_preset=&#8221;default&#8221; custom_margin=&#8221;||50px||false|false&#8221;][\/et_pb_image][et_pb_image src=&#8221;https:\/\/www.cacabelos.org\/turismo\/wp-content\/uploads\/2022\/02\/batalla-6.jpg&#8221; title_text=&#8221;batalla-6&#8243; _builder_version=&#8221;4.9.4&#8243; _module_preset=&#8221;default&#8221; custom_margin=&#8221;||50px||false|false&#8221;][\/et_pb_image][et_pb_image src=&#8221;https:\/\/www.cacabelos.org\/turismo\/wp-content\/uploads\/2022\/02\/batalla-7.jpg&#8221; title_text=&#8221;batalla-7&#8243; _builder_version=&#8221;4.9.4&#8243; _module_preset=&#8221;default&#8221; custom_margin=&#8221;||50px||false|false&#8221;][\/et_pb_image][et_pb_image src=&#8221;https:\/\/www.cacabelos.org\/turismo\/wp-content\/uploads\/2022\/02\/segundo-combate.jpg&#8221; title_text=&#8221;segundo combate&#8221; _builder_version=&#8221;4.9.4&#8243; _module_preset=&#8221;default&#8221; custom_margin=&#8221;||50px||false|false&#8221;][\/et_pb_image][et_pb_image src=&#8221;https:\/\/www.cacabelos.org\/turismo\/wp-content\/uploads\/2022\/02\/Artimana.jpg&#8221; title_text=&#8221;Artima\u00f1a&#8221; _builder_version=&#8221;4.9.4&#8243; _module_preset=&#8221;default&#8221; custom_margin=&#8221;||50px||false|false&#8221;][\/et_pb_image][\/et_pb_column][\/et_pb_row][\/et_pb_section]<\/p>\n","protected":false},"excerpt":{"rendered":"<p>La Batalla de CacabelosLa Batalla de Cacabelos Fiesta de recreaci\u00f3n hist\u00f3rica Historia El 3 de Enero de 1809, bati\u00e9ndose en retirada el ej\u00e9rcito ingl\u00e9s, perseguido y acosado por las tropas francesas, tiene\u00a0lugar en el Puente sobre el r\u00edo C\u00faa de Cacabelos una Batalla de enorme importancia para las tropas contendientes. Ni mucho menos en la [&hellip;]<\/p>\n","protected":false},"author":1,"featured_media":0,"parent":0,"menu_order":0,"comment_status":"closed","ping_status":"closed","template":"","meta":{"_et_pb_use_builder":"on","_et_pb_old_content":"","_et_gb_content_width":""},"_links":{"self":[{"href":"https:\/\/cacabelos.org\/turismo\/wp-json\/wp\/v2\/pages\/1733"}],"collection":[{"href":"https:\/\/cacabelos.org\/turismo\/wp-json\/wp\/v2\/pages"}],"about":[{"href":"https:\/\/cacabelos.org\/turismo\/wp-json\/wp\/v2\/types\/page"}],"author":[{"embeddable":true,"href":"https:\/\/cacabelos.org\/turismo\/wp-json\/wp\/v2\/users\/1"}],"replies":[{"embeddable":true,"href":"https:\/\/cacabelos.org\/turismo\/wp-json\/wp\/v2\/comments?post=1733"}],"version-history":[{"count":14,"href":"https:\/\/cacabelos.org\/turismo\/wp-json\/wp\/v2\/pages\/1733\/revisions"}],"predecessor-version":[{"id":2530,"href":"https:\/\/cacabelos.org\/turismo\/wp-json\/wp\/v2\/pages\/1733\/revisions\/2530"}],"wp:attachment":[{"href":"https:\/\/cacabelos.org\/turismo\/wp-json\/wp\/v2\/media?parent=1733"}],"curies":[{"name":"wp","href":"https:\/\/api.w.org\/{rel}","templated":true}]}}