{"id":182,"date":"2021-12-29T12:09:20","date_gmt":"2021-12-29T11:09:20","guid":{"rendered":"https:\/\/www.cacabelos.org\/turismo\/?page_id=182"},"modified":"2022-03-01T22:43:48","modified_gmt":"2022-03-01T21:43:48","slug":"fiestas-y-tradiciones","status":"publish","type":"page","link":"https:\/\/cacabelos.org\/turismo\/fiestas-y-tradiciones\/","title":{"rendered":"Fiestas, Ferias y Recreaciones Hist\u00f3ricas"},"content":{"rendered":"<p>[et_pb_section fb_built=&#8221;1&#8243; _builder_version=&#8221;4.9.4&#8243; _module_preset=&#8221;default&#8221; background_image=&#8221;https:\/\/www.cacabelos.org\/turismo\/wp-content\/uploads\/2022\/01\/Feria_Vino_2012_041_R-scaled.jpg&#8221; height=&#8221;142px&#8221;][et_pb_row _builder_version=&#8221;4.9.4&#8243; _module_preset=&#8221;default&#8221;][et_pb_column type=&#8221;4_4&#8243; _builder_version=&#8221;4.9.4&#8243; _module_preset=&#8221;default&#8221;][et_pb_text _builder_version=&#8221;4.9.4&#8243; _module_preset=&#8221;default&#8221;]<\/p>\n<h1 style=\"text-align: center;\"><span style=\"color: #ffffff;\"><strong>Fiestas, Ferias y Recreaciones Hist\u00f3ricas\u00a0<\/strong><\/span><\/h1>\n<p>[\/et_pb_text][\/et_pb_column][\/et_pb_row][\/et_pb_section][et_pb_section fb_built=&#8221;1&#8243; _builder_version=&#8221;4.9.4&#8243; _module_preset=&#8221;default&#8221; custom_margin=&#8221;||189px|||&#8221;][et_pb_row column_structure=&#8221;2_5,3_5&#8243; _builder_version=&#8221;4.9.4&#8243; _module_preset=&#8221;default&#8221;][et_pb_column type=&#8221;2_5&#8243; _builder_version=&#8221;4.9.4&#8243; _module_preset=&#8221;default&#8221;][et_pb_text admin_label=&#8221;Fiestas &#8221; _builder_version=&#8221;4.9.4&#8243; _module_preset=&#8221;default&#8221; custom_margin=&#8221;|||-83px||&#8221; custom_padding=&#8221;||4px|||&#8221;]<\/p>\n<p>&nbsp;<\/p>\n<h2><strong>Fiestas\u00a0<\/strong><\/h2>\n<p style=\"text-align: justify;\">Si algo define a\u00a0<strong>Cacabelos\u00a0<\/strong>es el car\u00e1cter trabajador, hospitalario y festivo de sus gentes, aqu\u00ed\u00a0<strong>\u00a0siempre se \u00a0encuentra un motivo \u00a0para celebrar.<\/strong><\/p>\n<p style=\"text-align: justify;\">El ciclo lo inician las <strong>fiestas patronales<\/strong>, en honor a Nuestra Se\u00f1ora de la Quinta Angustia, durante <strong>la Pascua; lo contin\u00faan las de San Isidro y San Roque.\u00a0<\/strong><\/p>\n<p>&nbsp;<\/p>\n<p>[\/et_pb_text][\/et_pb_column][et_pb_column type=&#8221;3_5&#8243; _builder_version=&#8221;4.9.4&#8243; _module_preset=&#8221;default&#8221;][et_pb_code _builder_version=&#8221;4.9.4&#8243; _module_preset=&#8221;default&#8221;]<iframe loading=\"lazy\" width=\"560\" height=\"315\" src=\"https:\/\/www.youtube.com\/embed\/qq8oHUIsaeA\" title=\"YouTube video player\" frameborder=\"0\" allow=\"accelerometer; autoplay; clipboard-write; encrypted-media; gyroscope; picture-in-picture\" allowfullscreen><\/iframe>[\/et_pb_code][\/et_pb_column][\/et_pb_row][et_pb_row column_structure=&#8221;3_5,2_5&#8243; _builder_version=&#8221;4.9.4&#8243; _module_preset=&#8221;default&#8221;][et_pb_column type=&#8221;3_5&#8243; _builder_version=&#8221;4.9.4&#8243; _module_preset=&#8221;default&#8221;][et_pb_image src=&#8221;https:\/\/www.cacabelos.org\/turismo\/wp-content\/uploads\/2022\/02\/Cacabelos_Feria_Mayo_031_R-scaled.jpg&#8221; title_text=&#8221;Cacabelos_Feria_Mayo_031_R&#8221; _builder_version=&#8221;4.9.4&#8243; _module_preset=&#8221;default&#8221; min_height=&#8221;461px&#8221;][\/et_pb_image][\/et_pb_column][et_pb_column type=&#8221;2_5&#8243; _builder_version=&#8221;4.9.4&#8243; _module_preset=&#8221;default&#8221;][et_pb_text admin_label=&#8221;Ferias &#8221; _builder_version=&#8221;4.9.4&#8243; _module_preset=&#8221;default&#8221;]<\/p>\n<h2><strong>Ferias<\/strong><\/h2>\n<p style=\"text-align: justify;\">Las ferias anuales de la <strong>Cruz de Mayo y de San Miguel,<\/strong> anta\u00f1o de compraventa de animales y hoy m\u00e1s diversas, son\u00a0 muy concurridas.<\/p>\n<p style=\"text-align: justify;\"><strong>En los mercados, que se celebran los d\u00edas 9 y 26 <\/strong>\u00a0de cada mes\u00a0 puede degustarse el sabroso pulpo<strong> a la feira.<\/strong><\/p>\n<p style=\"text-align: justify;\"><strong>Mercado Campesino , <\/strong>primer domingo de mes, donde se pueden adquirir<strong> productos artesanos y ecol\u00f3gicos.<\/strong><\/p>\n<p style=\"text-align: justify;\">As\u00ed mismo la\u00a0<strong>Feria del Vino D.O. Bierzo<\/strong>\u00a0que se celebra el \u00faltimo fin de semana de abril en la Plaza Mayor de la Villa, es un gran escaparate tanto nacional como internacional de los magn\u00edficos caldos elaborados en El Bierzo.<\/p>\n<p style=\"text-align: justify;\">\n<p style=\"text-align: justify;\">\n<p>[\/et_pb_text][et_pb_button button_url=&#8221;https:\/\/cacabelos.org\/feriavinobierzo\/%20&#8243; button_text=&#8221;Feria del Vino de Cacabelos- M\u00c1S INFO&#8221; admin_label=&#8221;Feria del Vino &#8221; _builder_version=&#8221;4.9.4&#8243; _module_preset=&#8221;default&#8221; custom_margin=&#8221;|-10px|||false|false&#8221; animation_style=&#8221;slide&#8221; box_shadow_style=&#8221;preset5&#8243;][\/et_pb_button][\/et_pb_column][\/et_pb_row][et_pb_row column_structure=&#8221;2_5,3_5&#8243; _builder_version=&#8221;4.9.4&#8243; _module_preset=&#8221;default&#8221;][et_pb_column type=&#8221;2_5&#8243; _builder_version=&#8221;4.9.4&#8243; _module_preset=&#8221;default&#8221;][et_pb_text admin_label=&#8221;Recreaciones &#8221; _builder_version=&#8221;4.9.4&#8243; _module_preset=&#8221;default&#8221;]<\/p>\n<h2><strong>Recreaciones<\/strong><\/h2>\n<p style=\"text-align: justify;\">Cacabelos cuenta con dos recreaciones hist\u00f3ricas;\u00a0<strong>La Batalla de Cacabelos,<\/strong> que conmemora la batalla Anglo-Francesa de 1809 sobre el puente del C\u00faa, y<strong>\u00a0<a href=\"http:\/\/www.ludusbergidumflavium.es\/\">Ludus Bergidum Flavium<\/a><\/strong>, fiesta de recreaci\u00f3n hist\u00f3rica romana.<\/p>\n<p>[\/et_pb_text][et_pb_button button_url=&#8221;https:\/\/www.cacabelos.org\/turismo\/batalla-de-cacabelos\/&#8221; url_new_window=&#8221;on&#8221; button_text=&#8221;Batalla de Cacabelos &#8211; M\u00c1S INFO&#8221; admin_label=&#8221;LA BAtalla &#8221; _builder_version=&#8221;4.9.4&#8243; _module_preset=&#8221;default&#8221; custom_margin=&#8221;|-26px||||&#8221; animation_style=&#8221;slide&#8221; box_shadow_style=&#8221;preset5&#8243;][\/et_pb_button][et_pb_button button_url=&#8221;https:\/\/www.facebook.com\/Ludus-Bergidum-Flavium-795257543902718\/&#8221; url_new_window=&#8221;on&#8221; button_text=&#8221;Fiesta Romana &#8211; M\u00c1S  INFO&#8221; admin_label=&#8221;Fiesta Romana &#8221; _builder_version=&#8221;4.9.4&#8243; _module_preset=&#8221;default&#8221; animation_style=&#8221;slide&#8221; box_shadow_style=&#8221;preset5&#8243;][\/et_pb_button][\/et_pb_column][et_pb_column type=&#8221;3_5&#8243; _builder_version=&#8221;4.9.4&#8243; _module_preset=&#8221;default&#8221;][et_pb_image src=&#8221;https:\/\/www.cacabelos.org\/turismo\/wp-content\/uploads\/2022\/02\/ludus.jpg&#8221; title_text=&#8221;ludus&#8221; _builder_version=&#8221;4.9.4&#8243; _module_preset=&#8221;default&#8221; min_height=&#8221;100px&#8221; height=&#8221;357px&#8221;][\/et_pb_image][\/et_pb_column][\/et_pb_row][et_pb_row column_structure=&#8221;3_5,2_5&#8243; _builder_version=&#8221;4.9.4&#8243; _module_preset=&#8221;default&#8221;][et_pb_column type=&#8221;3_5&#8243; _builder_version=&#8221;4.9.4&#8243; _module_preset=&#8221;default&#8221;][et_pb_image src=&#8221;https:\/\/www.cacabelos.org\/turismo\/wp-content\/uploads\/2022\/02\/La-Batalla-3.jpg&#8221; title_text=&#8221;La Batalla 3&#8243; _builder_version=&#8221;4.9.4&#8243; _module_preset=&#8221;default&#8221;][\/et_pb_image][et_pb_text _builder_version=&#8221;4.9.4&#8243; _module_preset=&#8221;default&#8221;]<\/p>\n<h3><strong>Tradiciones <\/strong><\/h3>\n<p style=\"text-align: justify;\">Cacabelos se empe\u00f1a en conservar y enriquecer sus tradiciones; los j\u00f3venes encienden <strong>hogueras en A\u00f1o Nuevo y Santa Luc\u00eda<\/strong> o roban tiestos en la noche de <strong>San Juan<\/strong>; todos celebramos las <strong>Candelas( por San Blas)<\/strong>, en las que llevamos los panes de formas art\u00edsticas a bendecir a la iglesia, al igual que los animales por<strong> San Ant\u00f3n.<\/strong> Nos divertimos en los carnavales y en el entierro de la sardina, o nos hartamos de casta\u00f1as y vino en los magostos.<\/p>\n<p>[\/et_pb_text][\/et_pb_column][et_pb_column type=&#8221;2_5&#8243; _builder_version=&#8221;4.9.4&#8243; _module_preset=&#8221;default&#8221;][et_pb_text _builder_version=&#8221;4.9.4&#8243; _module_preset=&#8221;default&#8221;]<\/p>\n<h2><strong>\u00bfCu\u00e1les son los d\u00edas festivos en Cacabelos?<\/strong><\/h2>\n<p style=\"text-align: justify;\">Sean de \u00e1mbito regional o local, la mayor\u00eda de los d\u00edas festivos incluyen nutridos programas de actos que en muchas ocasiones combinan la tradici\u00f3n religiosa con la alegr\u00eda de la fiesta m\u00e1s popular. Lo m\u00e1s habitual es que cierren todos los comercios, salvo las panader\u00edas y las tiendas que venden prensa, que permanecen abiertas por la ma\u00f1ana.<\/p>\n<p style=\"text-align: justify;\">Los d\u00edas festivos que se repiten a\u00f1o tras a\u00f1o son:<\/p>\n<ul style=\"text-align: justify;\">\n<li><strong>1 de enero<\/strong>(A\u00f1o Nuevo)<\/li>\n<li><strong>6 de enero<\/strong>(Epifan\u00eda del Se\u00f1or)<\/li>\n<li><strong>Jueves Santo<\/strong><\/li>\n<li><strong>Viernes Santo<\/strong><\/li>\n<li><strong>Lunes de Pascua <\/strong>(Fiesta Patronales, en honor a la Virgen de la V Angustia)<\/li>\n<li><strong>23 de abril, Fiesta de la Comunidad Aut\u00f3noma<\/strong><\/li>\n<li><strong>1 de mayo Feria de la Cruz de Mayo y<\/strong>(Fiesta del Trabajo)<\/li>\n<li><strong>15 de Mayo <\/strong>(San Isidro Labrador)<\/li>\n<li><strong>16 de Agosto <\/strong>( San Roque)<\/li>\n<li>27, 28 y<strong> 29 de septiembre<\/strong> Feria de San Miguel<\/li>\n<li><strong>12 de octubre<\/strong>(Fiesta Nacional de Espa\u00f1a)<\/li>\n<li><strong>8 de diciembre<\/strong>(Inmaculada Concepci\u00f3n)<\/li>\n<li><strong>25 de diciembre\u00a0<\/strong>(Natividad del Se\u00f1or).<\/li>\n<\/ul>\n<p style=\"text-align: justify;\">[\/et_pb_text][\/et_pb_column][\/et_pb_row][\/et_pb_section]<\/p>\n","protected":false},"excerpt":{"rendered":"<p>Fiestas, Ferias y Recreaciones Hist\u00f3ricas\u00a0&nbsp; Fiestas\u00a0 Si algo define a\u00a0Cacabelos\u00a0es el car\u00e1cter trabajador, hospitalario y festivo de sus gentes, aqu\u00ed\u00a0\u00a0siempre se \u00a0encuentra un motivo \u00a0para celebrar. El ciclo lo inician las fiestas patronales, en honor a Nuestra Se\u00f1ora de la Quinta Angustia, durante la Pascua; lo contin\u00faan las de San Isidro y San Roque.\u00a0 &nbsp;Ferias [&hellip;]<\/p>\n","protected":false},"author":1,"featured_media":0,"parent":0,"menu_order":0,"comment_status":"closed","ping_status":"closed","template":"","meta":{"_et_pb_use_builder":"on","_et_pb_old_content":"","_et_gb_content_width":""},"_links":{"self":[{"href":"https:\/\/cacabelos.org\/turismo\/wp-json\/wp\/v2\/pages\/182"}],"collection":[{"href":"https:\/\/cacabelos.org\/turismo\/wp-json\/wp\/v2\/pages"}],"about":[{"href":"https:\/\/cacabelos.org\/turismo\/wp-json\/wp\/v2\/types\/page"}],"author":[{"embeddable":true,"href":"https:\/\/cacabelos.org\/turismo\/wp-json\/wp\/v2\/users\/1"}],"replies":[{"embeddable":true,"href":"https:\/\/cacabelos.org\/turismo\/wp-json\/wp\/v2\/comments?post=182"}],"version-history":[{"count":21,"href":"https:\/\/cacabelos.org\/turismo\/wp-json\/wp\/v2\/pages\/182\/revisions"}],"predecessor-version":[{"id":2823,"href":"https:\/\/cacabelos.org\/turismo\/wp-json\/wp\/v2\/pages\/182\/revisions\/2823"}],"wp:attachment":[{"href":"https:\/\/cacabelos.org\/turismo\/wp-json\/wp\/v2\/media?parent=182"}],"curies":[{"name":"wp","href":"https:\/\/api.w.org\/{rel}","templated":true}]}}

Fiestas, Ferias y Recreaciones Históricas

<p>[et_pb_section fb_built=&#8221;1&#8243; _builder_version=&#8221;4.9.4&#8243; _module_preset=&#8221;default&#8221; background_image=&#8221;https://www.cacabelos.org/turismo/wp-content/uploads/2022/01/Feria_Vino_2012_041_R-scaled.jpg&#8221; height=&#8221;142px&#8221;][et_pb_row _builder_version=&#8221;4.9.4&#8243; _module_preset=&#8221;default&#8221;][et_pb_column type=&#8221;4_4&#8243; _builder_version=&#8221;4.9.4&#8243; _module_preset=&#8221;default&#8221;][et_pb_text _builder_version=&#8221;4.9.4&#8243; _module_preset=&#8221;default&#8221;]</p>
<h1 style="text-align: center;"><span style="color: #ffffff;"><strong>Fiestas, Ferias y Recreaciones Históricas </strong></span></h1>
<p>[/et_pb_text][/et_pb_column][/et_pb_row][/et_pb_section][et_pb_section fb_built=&#8221;1&#8243; _builder_version=&#8221;4.9.4&#8243; _module_preset=&#8221;default&#8221; custom_margin=&#8221;||189px|||&#8221;][et_pb_row column_structure=&#8221;2_5,3_5&#8243; _builder_version=&#8221;4.9.4&#8243; _module_preset=&#8221;default&#8221;][et_pb_column type=&#8221;2_5&#8243; _builder_version=&#8221;4.9.4&#8243; _module_preset=&#8221;default&#8221;][et_pb_text admin_label=&#8221;Fiestas &#8221; _builder_version=&#8221;4.9.4&#8243; _module_preset=&#8221;default&#8221; custom_margin=&#8221;|||-83px||&#8221; custom_padding=&#8221;||4px|||&#8221;]</p>
<p>&nbsp;</p>
<h2><strong>Fiestas </strong></h2>
<p style="text-align: justify;">Si algo define a <strong>Cacabelos </strong>es el carácter trabajador, hospitalario y festivo de sus gentes, aquí <strong> siempre se  encuentra un motivo  para celebrar.</strong></p>
<p style="text-align: justify;">El ciclo lo inician las <strong>fiestas patronales</strong>, en honor a Nuestra Señora de la Quinta Angustia, durante <strong>la Pascua; lo continúan las de San Isidro y San Roque. </strong></p>
<p>&nbsp;</p>
<p>[/et_pb_text][/et_pb_column][et_pb_column type=&#8221;3_5&#8243; _builder_version=&#8221;4.9.4&#8243; _module_preset=&#8221;default&#8221;][et_pb_code _builder_version=&#8221;4.9.4&#8243; _module_preset=&#8221;default&#8221;]<iframe loading="lazy" width="560" height="315" src="https://www.youtube.com/embed/qq8oHUIsaeA" title="YouTube video player" frameborder="0" allow="accelerometer; autoplay; clipboard-write; encrypted-media; gyroscope; picture-in-picture" allowfullscreen></iframe>[/et_pb_code][/et_pb_column][/et_pb_row][et_pb_row column_structure=&#8221;3_5,2_5&#8243; _builder_version=&#8221;4.9.4&#8243; _module_preset=&#8221;default&#8221;][et_pb_column type=&#8221;3_5&#8243; _builder_version=&#8221;4.9.4&#8243; _module_preset=&#8221;default&#8221;][et_pb_image src=&#8221;https://www.cacabelos.org/turismo/wp-content/uploads/2022/02/Cacabelos_Feria_Mayo_031_R-scaled.jpg&#8221; title_text=&#8221;Cacabelos_Feria_Mayo_031_R&#8221; _builder_version=&#8221;4.9.4&#8243; _module_preset=&#8221;default&#8221; min_height=&#8221;461px&#8221;][/et_pb_image][/et_pb_column][et_pb_column type=&#8221;2_5&#8243; _builder_version=&#8221;4.9.4&#8243; _module_preset=&#8221;default&#8221;][et_pb_text admin_label=&#8221;Ferias &#8221; _builder_version=&#8221;4.9.4&#8243; _module_preset=&#8221;default&#8221;]</p>
<h2><strong>Ferias</strong></h2>
<p style="text-align: justify;">Las ferias anuales de la <strong>Cruz de Mayo y de San Miguel,</strong> antaño de compraventa de animales y hoy más diversas, son  muy concurridas.</p>
<p style="text-align: justify;"><strong>En los mercados, que se celebran los días 9 y 26 </strong> de cada mes  puede degustarse el sabroso pulpo<strong> a la feira.</strong></p>
<p style="text-align: justify;"><strong>Mercado Campesino , </strong>primer domingo de mes, donde se pueden adquirir<strong> productos artesanos y ecológicos.</strong></p>
<p style="text-align: justify;">Así mismo la <strong>Feria del Vino D.O. Bierzo</strong> que se celebra el último fin de semana de abril en la Plaza Mayor de la Villa, es un gran escaparate tanto nacional como internacional de los magníficos caldos elaborados en El Bierzo.</p>
<p style="text-align: justify;">
<p style="text-align: justify;">
<p>[/et_pb_text][et_pb_button button_url=&#8221;https://cacabelos.org/feriavinobierzo/%20&#8243; button_text=&#8221;Feria del Vino de Cacabelos- MÁS INFO&#8221; admin_label=&#8221;Feria del Vino &#8221; _builder_version=&#8221;4.9.4&#8243; _module_preset=&#8221;default&#8221; custom_margin=&#8221;|-10px|||false|false&#8221; animation_style=&#8221;slide&#8221; box_shadow_style=&#8221;preset5&#8243;][/et_pb_button][/et_pb_column][/et_pb_row][et_pb_row column_structure=&#8221;2_5,3_5&#8243; _builder_version=&#8221;4.9.4&#8243; _module_preset=&#8221;default&#8221;][et_pb_column type=&#8221;2_5&#8243; _builder_version=&#8221;4.9.4&#8243; _module_preset=&#8221;default&#8221;][et_pb_text admin_label=&#8221;Recreaciones &#8221; _builder_version=&#8221;4.9.4&#8243; _module_preset=&#8221;default&#8221;]</p>
<h2><strong>Recreaciones</strong></h2>
<p style="text-align: justify;">Cacabelos cuenta con dos recreaciones históricas; <strong>La Batalla de Cacabelos,</strong> que conmemora la batalla Anglo-Francesa de 1809 sobre el puente del Cúa, y<strong> <a href="http://www.ludusbergidumflavium.es/">Ludus Bergidum Flavium</a></strong>, fiesta de recreación histórica romana.</p>
<p>[/et_pb_text][et_pb_button button_url=&#8221;https://www.cacabelos.org/turismo/batalla-de-cacabelos/&#8221; url_new_window=&#8221;on&#8221; button_text=&#8221;Batalla de Cacabelos &#8211; MÁS INFO&#8221; admin_label=&#8221;LA BAtalla &#8221; _builder_version=&#8221;4.9.4&#8243; _module_preset=&#8221;default&#8221; custom_margin=&#8221;|-26px||||&#8221; animation_style=&#8221;slide&#8221; box_shadow_style=&#8221;preset5&#8243;][/et_pb_button][et_pb_button button_url=&#8221;https://www.facebook.com/Ludus-Bergidum-Flavium-795257543902718/&#8221; url_new_window=&#8221;on&#8221; button_text=&#8221;Fiesta Romana &#8211; MÁS  INFO&#8221; admin_label=&#8221;Fiesta Romana &#8221; _builder_version=&#8221;4.9.4&#8243; _module_preset=&#8221;default&#8221; animation_style=&#8221;slide&#8221; box_shadow_style=&#8221;preset5&#8243;][/et_pb_button][/et_pb_column][et_pb_column type=&#8221;3_5&#8243; _builder_version=&#8221;4.9.4&#8243; _module_preset=&#8221;default&#8221;][et_pb_image src=&#8221;https://www.cacabelos.org/turismo/wp-content/uploads/2022/02/ludus.jpg&#8221; title_text=&#8221;ludus&#8221; _builder_version=&#8221;4.9.4&#8243; _module_preset=&#8221;default&#8221; min_height=&#8221;100px&#8221; height=&#8221;357px&#8221;][/et_pb_image][/et_pb_column][/et_pb_row][et_pb_row column_structure=&#8221;3_5,2_5&#8243; _builder_version=&#8221;4.9.4&#8243; _module_preset=&#8221;default&#8221;][et_pb_column type=&#8221;3_5&#8243; _builder_version=&#8221;4.9.4&#8243; _module_preset=&#8221;default&#8221;][et_pb_image src=&#8221;https://www.cacabelos.org/turismo/wp-content/uploads/2022/02/La-Batalla-3.jpg&#8221; title_text=&#8221;La Batalla 3&#8243; _builder_version=&#8221;4.9.4&#8243; _module_preset=&#8221;default&#8221;][/et_pb_image][et_pb_text _builder_version=&#8221;4.9.4&#8243; _module_preset=&#8221;default&#8221;]</p>
<h3><strong>Tradiciones </strong></h3>
<p style="text-align: justify;">Cacabelos se empeña en conservar y enriquecer sus tradiciones; los jóvenes encienden <strong>hogueras en Año Nuevo y Santa Lucía</strong> o roban tiestos en la noche de <strong>San Juan</strong>; todos celebramos las <strong>Candelas( por San Blas)</strong>, en las que llevamos los panes de formas artísticas a bendecir a la iglesia, al igual que los animales por<strong> San Antón.</strong> Nos divertimos en los carnavales y en el entierro de la sardina, o nos hartamos de castañas y vino en los magostos.</p>
<p>[/et_pb_text][/et_pb_column][et_pb_column type=&#8221;2_5&#8243; _builder_version=&#8221;4.9.4&#8243; _module_preset=&#8221;default&#8221;][et_pb_text _builder_version=&#8221;4.9.4&#8243; _module_preset=&#8221;default&#8221;]</p>
<h2><strong>¿Cuáles son los días festivos en Cacabelos?</strong></h2>
<p style="text-align: justify;">Sean de ámbito regional o local, la mayoría de los días festivos incluyen nutridos programas de actos que en muchas ocasiones combinan la tradición religiosa con la alegría de la fiesta más popular. Lo más habitual es que cierren todos los comercios, salvo las panaderías y las tiendas que venden prensa, que permanecen abiertas por la mañana.</p>
<p style="text-align: justify;">Los días festivos que se repiten año tras año son:</p>
<ul style="text-align: justify;">
<li><strong>1 de enero</strong>(Año Nuevo)</li>
<li><strong>6 de enero</strong>(Epifanía del Señor)</li>
<li><strong>Jueves Santo</strong></li>
<li><strong>Viernes Santo</strong></li>
<li><strong>Lunes de Pascua </strong>(Fiesta Patronales, en honor a la Virgen de la V Angustia)</li>
<li><strong>23 de abril, Fiesta de la Comunidad Autónoma</strong></li>
<li><strong>1 de mayo Feria de la Cruz de Mayo y</strong>(Fiesta del Trabajo)</li>
<li><strong>15 de Mayo </strong>(San Isidro Labrador)</li>
<li><strong>16 de Agosto </strong>( San Roque)</li>
<li>27, 28 y<strong> 29 de septiembre</strong> Feria de San Miguel</li>
<li><strong>12 de octubre</strong>(Fiesta Nacional de España)</li>
<li><strong>8 de diciembre</strong>(Inmaculada Concepción)</li>
<li><strong>25 de diciembre </strong>(Natividad del Señor).</li>
</ul>
<p style="text-align: justify;">[/et_pb_text][/et_pb_column][/et_pb_row][/et_pb_section]</p>

<p>Fiestas, Ferias y Recreaciones Históricas &nbsp; Fiestas  Si algo define a Cacabelos es el carácter trabajador, hospitalario y festivo de sus gentes, aquí  siempre se  encuentra un motivo  para celebrar. El ciclo lo inician las fiestas patronales, en honor a Nuestra Señora de la Quinta Angustia, durante la Pascua; lo continúan las de San Isidro y San Roque.  &nbsp;Ferias [&hellip;]</p>
