{"id":186,"date":"2021-12-29T12:08:50","date_gmt":"2021-12-29T11:08:50","guid":{"rendered":"https:\/\/www.cacabelos.org\/turismo\/?page_id=186"},"modified":"2022-01-28T10:20:42","modified_gmt":"2022-01-28T09:20:42","slug":"gastronomia","status":"publish","type":"page","link":"https:\/\/cacabelos.org\/turismo\/gastronomia\/","title":{"rendered":"Gastronom\u00eda"},"content":{"rendered":"<p>[et_pb_section fb_built=&#8221;1&#8243; _builder_version=&#8221;4.9.4&#8243; _module_preset=&#8221;default&#8221; background_image=&#8221;https:\/\/www.cacabelos.org\/turismo\/wp-content\/uploads\/2022\/01\/Botillo-1-scaled.jpg&#8221; min_height=&#8221;135.9px&#8221; hover_enabled=&#8221;0&#8243; sticky_enabled=&#8221;0&#8243;][et_pb_row _builder_version=&#8221;4.9.4&#8243; _module_preset=&#8221;default&#8221;][et_pb_column type=&#8221;4_4&#8243; _builder_version=&#8221;4.9.4&#8243; _module_preset=&#8221;default&#8221;][et_pb_text _builder_version=&#8221;4.9.4&#8243; _module_preset=&#8221;default&#8221;]<\/p>\n<h1 style=\"text-align: center;\"><span style=\"color: #ffffff;\">GATRONOM\u00cdA<\/span><\/h1>\n<h2 style=\"text-align: center;\"><span style=\"color: #ffffff;\">Calidad, Tradici\u00f3n e Innovaci\u00f3n\u00a0<\/span><\/h2>\n<p>[\/et_pb_text][\/et_pb_column][\/et_pb_row][\/et_pb_section][et_pb_section fb_built=&#8221;1&#8243; _builder_version=&#8221;4.9.4&#8243; _module_preset=&#8221;default&#8221;][et_pb_row column_structure=&#8221;1_2,1_4,1_4&#8243; _builder_version=&#8221;4.9.4&#8243; _module_preset=&#8221;default&#8221;][et_pb_column type=&#8221;1_2&#8243; _builder_version=&#8221;4.9.4&#8243; _module_preset=&#8221;default&#8221;][et_pb_text _builder_version=&#8221;4.9.4&#8243; _module_preset=&#8221;default&#8221;]<\/p>\n<p style=\"text-align: justify;\"><strong>Cacabelos y el Bierzo gozan de una gran oferta gastron\u00f3mica <\/strong>en la que destacan productos de calidad reconocidos con Denominaci\u00f3n de Origen, Indicaci\u00f3n Geogr\u00e1fica Protegida y Marca de Garant\u00eda como los pimientos asados, el botillo,\u00a0 la manzana reineta, la pera conferencia, la casta\u00f1a del Bierzo, la cereza del Bierzo, y por supuesto, los vinos de origen Bierzo con su variedad de uva <strong>menc\u00eda<\/strong> para el tinto y <strong>godello<\/strong> para los blancos.<\/p>\n<p style=\"text-align: justify;\">Os recomendamos probar <strong>el \u00a0pulpo a la gallega o a <em>feira, <\/em><\/strong>un plato muy apreciado, de arraigada tradici\u00f3n, que se puede degustar en los restaurantes, pulper\u00edas y en las ferias <strong>mensuales del 9 y el 26<\/strong> donde los pulperos\/as ponen su puesto y nadie se resiste a esa tapa de pulpo.<\/p>\n<p style=\"text-align: justify;\">En las cafeter\u00edas, bares, bodegas y tabernas de la villa, se pueden degustar toda clase de pinchos y tapas, que hacen que la\u00a0<strong>&#8220;ronda de vinos<\/strong>&#8221; sea, no solamente una tradici\u00f3n local, sino un atractivo m\u00e1s de ocio.<\/p>\n<p>&nbsp;<\/p>\n<p>[\/et_pb_text][\/et_pb_column][et_pb_column type=&#8221;1_4&#8243; _builder_version=&#8221;4.9.4&#8243; _module_preset=&#8221;default&#8221;][et_pb_text admin_label=&#8221;Alimentos de Calidad&#8221; _builder_version=&#8221;4.9.4&#8243; _module_preset=&#8221;default&#8221; background_color=&#8221;#FFFFFF&#8221; width=&#8221;100%&#8221; module_alignment=&#8221;left&#8221; custom_margin=&#8221;|-17px||||&#8221; animation_style=&#8221;roll&#8221; link_option_url=&#8221;https:\/\/alimentosdecalidadbierzo.es\/&#8221; link_option_url_new_window=&#8221;on&#8221;]<\/p>\n<div id=\"attachment_1306\" style=\"width: 160px\" class=\"wp-caption alignnone\"><a href=\"https:\/\/alimentosdecalidadbierzo.es\/\"><img aria-describedby=\"caption-attachment-1306\" loading=\"lazy\" src=\"https:\/\/www.cacabelos.org\/turismo\/wp-content\/uploads\/2022\/01\/logo-alimentos-new-1-300x300.png\" width=\"300\" height=\"300\" alt=\"\" class=\"wp-image-1306 size-medium\" srcset=\"https:\/\/www.cacabelos.org\/turismo\/wp-content\/uploads\/2022\/01\/logo-alimentos-new-1-300x300.png 300w, https:\/\/www.cacabelos.org\/turismo\/wp-content\/uploads\/2022\/01\/logo-alimentos-new-1-150x150.png 150w, https:\/\/www.cacabelos.org\/turismo\/wp-content\/uploads\/2022\/01\/logo-alimentos-new-1.png 375w\" sizes=\"(max-width: 300px) 100vw, 300px\" \/><\/a><p id=\"caption-attachment-1306\" class=\"wp-caption-text\">www.alimentosdecalidad.es<\/p><\/div>\n<p>&nbsp;<\/p>\n<p>&nbsp;<\/p>\n<p>[\/et_pb_text][\/et_pb_column][et_pb_column type=&#8221;1_4&#8243; _builder_version=&#8221;4.9.4&#8243; _module_preset=&#8221;default&#8221;][et_pb_text admin_label=&#8221;DO BIERZO&#8221; _builder_version=&#8221;4.9.4&#8243; _module_preset=&#8221;default&#8221; animation_style=&#8221;roll&#8221;]<div id=\"attachment_1294\" style=\"width: 220px\" class=\"wp-caption alignnone\"><a href=\"http:\/\/www.crdobierzo.es\/es\/\"><img aria-describedby=\"caption-attachment-1294\" loading=\"lazy\" class=\"wp-image-1294 size-medium\" src=\"https:\/\/www.cacabelos.org\/turismo\/wp-content\/uploads\/2022\/01\/BIERZO_DO_logo_vol_RGB_high-210x300.jpg\" alt=\"\" width=\"210\" height=\"300\" \/><\/a><p id=\"caption-attachment-1294\" class=\"wp-caption-text\">www.crdobierzo.es\/es\/<\/p><\/div>[\/et_pb_text][\/et_pb_column][\/et_pb_row][et_pb_row column_structure=&#8221;1_6,1_6,1_6,1_6,1_6,1_6&#8243; _builder_version=&#8221;4.9.4&#8243; _module_preset=&#8221;default&#8221;][et_pb_column type=&#8221;1_6&#8243; _builder_version=&#8221;4.9.4&#8243; _module_preset=&#8221;default&#8221;][et_pb_image src=&#8221;https:\/\/www.cacabelos.org\/turismo\/wp-content\/uploads\/2022\/01\/Lacon-con-pimientos-150&#215;150.jpg&#8221; title_text=&#8221;Lac\u00f3n con pimientos&#8221; admin_label=&#8221;Lac\u00f3n&#8221; _builder_version=&#8221;4.9.4&#8243; _module_preset=&#8221;default&#8221;][\/et_pb_image][\/et_pb_column][et_pb_column type=&#8221;1_6&#8243; _builder_version=&#8221;4.9.4&#8243; _module_preset=&#8221;default&#8221;][et_pb_image src=&#8221;https:\/\/www.cacabelos.org\/turismo\/wp-content\/uploads\/2022\/01\/pulpo-min-150&#215;150.jpg&#8221; title_text=&#8221;pulpo-min&#8221; admin_label=&#8221;Pulpo&#8221; _builder_version=&#8221;4.9.4&#8243; _module_preset=&#8221;default&#8221;][\/et_pb_image][\/et_pb_column][et_pb_column type=&#8221;1_6&#8243; _builder_version=&#8221;4.9.4&#8243; _module_preset=&#8221;default&#8221;][et_pb_image src=&#8221;https:\/\/www.cacabelos.org\/turismo\/wp-content\/uploads\/2022\/01\/foto-vino-150&#215;150.jpg&#8221; title_text=&#8221;foto vino menc\u00eda&#8221; _builder_version=&#8221;4.9.4&#8243; _module_preset=&#8221;default&#8221;][\/et_pb_image][\/et_pb_column][et_pb_column type=&#8221;1_6&#8243; _builder_version=&#8221;4.9.4&#8243; _module_preset=&#8221;default&#8221;][et_pb_image src=&#8221;https:\/\/www.cacabelos.org\/turismo\/wp-content\/uploads\/2022\/01\/tarta-de-castanas-150&#215;150.jpg&#8221; title_text=&#8221;tarta de casta\u00f1as&#8221; _builder_version=&#8221;4.9.4&#8243; _module_preset=&#8221;default&#8221;][\/et_pb_image][\/et_pb_column][et_pb_column type=&#8221;1_6&#8243; _builder_version=&#8221;4.9.4&#8243; _module_preset=&#8221;default&#8221;][et_pb_image src=&#8221;https:\/\/www.cacabelos.org\/turismo\/wp-content\/uploads\/2022\/01\/carne-150&#215;150.jpg&#8221; title_text=&#8221;carne&#8221; _builder_version=&#8221;4.9.4&#8243; _module_preset=&#8221;default&#8221;][\/et_pb_image][\/et_pb_column][et_pb_column type=&#8221;1_6&#8243; _builder_version=&#8221;4.9.4&#8243; _module_preset=&#8221;default&#8221;][et_pb_image src=&#8221;https:\/\/www.cacabelos.org\/turismo\/wp-content\/uploads\/2022\/01\/A0007053-150&#215;150.jpg&#8221; title_text=&#8221;A0007053&#8243; _builder_version=&#8221;4.9.4&#8243; _module_preset=&#8221;default&#8221;][\/et_pb_image][\/et_pb_column][\/et_pb_row][\/et_pb_section][et_pb_section fb_built=&#8221;1&#8243; admin_label=&#8221;RESTAURANTES CACABELOS &#8221; _builder_version=&#8221;4.9.4&#8243; _module_preset=&#8221;default&#8221; background_image=&#8221;https:\/\/www.cacabelos.org\/turismo\/wp-content\/uploads\/2022\/01\/Museo.jpg&#8221; transform_scale_linked=&#8221;off&#8221; transform_origin=&#8221;48%|46%&#8221; animation_style=&#8221;zoom&#8221; link_option_url=&#8221;https:\/\/www.cacabelos.org\/turismo\/donde-comer\/&#8221;][et_pb_row _builder_version=&#8221;4.9.4&#8243; _module_preset=&#8221;default&#8221;][et_pb_column type=&#8221;4_4&#8243; _builder_version=&#8221;4.9.4&#8243; _module_preset=&#8221;default&#8221;][et_pb_text _builder_version=&#8221;4.9.4&#8243; _module_preset=&#8221;default&#8221;]<\/p>\n<h1 style=\"text-align: center;\"><strong><span style=\"color: #ffffff;\">DONDE COMER BIEN EN CACABELOS<\/span><\/strong><\/h1>\n<h3 style=\"text-align: center;\"><span style=\"color: #ffcc00;\"><strong>Todos los restaurantes de Cacabelos en un click<\/strong><\/span><\/h3>\n<p>[\/et_pb_text][\/et_pb_column][\/et_pb_row][\/et_pb_section]<\/p>\n","protected":false},"excerpt":{"rendered":"<p>GATRONOM\u00cdA Calidad, Tradici\u00f3n e Innovaci\u00f3n\u00a0Cacabelos y el Bierzo gozan de una gran oferta gastron\u00f3mica en la que destacan productos de calidad reconocidos con Denominaci\u00f3n de Origen, Indicaci\u00f3n Geogr\u00e1fica Protegida y Marca de Garant\u00eda como los pimientos asados, el botillo,\u00a0 la manzana reineta, la pera conferencia, la casta\u00f1a del Bierzo, la cereza del Bierzo, y por [&hellip;]<\/p>\n","protected":false},"author":1,"featured_media":0,"parent":0,"menu_order":0,"comment_status":"closed","ping_status":"closed","template":"","meta":{"_et_pb_use_builder":"on","_et_pb_old_content":"","_et_gb_content_width":""},"_links":{"self":[{"href":"https:\/\/cacabelos.org\/turismo\/wp-json\/wp\/v2\/pages\/186"}],"collection":[{"href":"https:\/\/cacabelos.org\/turismo\/wp-json\/wp\/v2\/pages"}],"about":[{"href":"https:\/\/cacabelos.org\/turismo\/wp-json\/wp\/v2\/types\/page"}],"author":[{"embeddable":true,"href":"https:\/\/cacabelos.org\/turismo\/wp-json\/wp\/v2\/users\/1"}],"replies":[{"embeddable":true,"href":"https:\/\/cacabelos.org\/turismo\/wp-json\/wp\/v2\/comments?post=186"}],"version-history":[{"count":33,"href":"https:\/\/cacabelos.org\/turismo\/wp-json\/wp\/v2\/pages\/186\/revisions"}],"predecessor-version":[{"id":1352,"href":"https:\/\/cacabelos.org\/turismo\/wp-json\/wp\/v2\/pages\/186\/revisions\/1352"}],"wp:attachment":[{"href":"https:\/\/cacabelos.org\/turismo\/wp-json\/wp\/v2\/media?parent=186"}],"curies":[{"name":"wp","href":"https:\/\/api.w.org\/{rel}","templated":true}]}}